 a?
6
Suppose -5*x + 116 = -244. Suppose 2*l = -3*a + x, 5*a + 3*l = 127 - 7. What is the units digit of a?
4
Suppose 3*y - 2*b - 20 = -b, -4*b = -4*y + 40. What is the units digit of (-2)/y - 42/(-5)?
8
Let z = -87 + 168. What is the units digit of z?
1
Suppose -6*i + 3*i = -4*a + 209, i + 153 = 3*a. What is the units digit of a?
0
What is the units digit of (24 - 86)*6/(-4)?
3
Suppose -5*p + 3*p + 10 = 2*g, -25 = -4*g - 5*p. Suppose g = 2*b - 4*z - 10, -2*b + 19 = z - 1. What is the units digit of b?
9
Let z(o) = -8*o**3 + 6*o**2 + 4*o + 3. Let n(f) = -f**3 + f**2. Let h(v) = -6*n(v) + z(v). Let x be ((-8)/10)/(7/5 - 1). What is the tens digit of h(x)?
1
Let k = 12 - -45. What is the units digit of k?
7
Let i(w) = 3*w**2 - 4*w - 1. Let y(q) = 13*q**2 - 17*q - 4. Let o(a) = 18*i(a) - 4*y(a). What is the tens digit of o(4)?
1
What is the units digit of ((-6)/10)/(7/(-35))?
3
Suppose -2*o = 3*o. Suppose o = -4*j - 20 + 84. Suppose -2*k - 4*b + 13 = -3, -3*b + j = 2*k. What is the units digit of k?
8
Let n(q) = 8*q + 2. Let c be n(5). What is the units digit of c/4 - (-1)/(-2)?
0
Suppose 69*h = 65*h + 252. What is the units digit of h?
3
Suppose 381 = 2*n - 85. What is the units digit of n?
3
Suppose -6*f = -2*f - 3*b - 169, 0 = 5*f + 5*b - 185. What is the units digit of f?
0
Let p(j) = -j**3 + 4*j**2 + 2*j - 4. What is the units digit of p(-3)?
3
Suppose 27 = 5*r - 3. Suppose -m + 15 = 4*n, m - 3*n - 13 = -r*n. Suppose 3*t - 11 = -5*s, 4*t + 5*s - m = 3*t. What is the units digit of t?
2
Let i be 122 + (2 + -1)*-3. What is the units digit of (-3)/1*i/(-21)?
7
Let y be (-18)/27*(0 - 3). Suppose 4 = y*s, -3*t = -s - 8 - 5. What is the units digit of t?
5
Let f = 86 - 2. What is the tens digit of f?
8
What is the units digit of 1078/(-11)*(-6)/7?
4
Suppose -f + 4 = 3*a - 2, f = -a. Let m be f - (-4 + 2) - -3. Suppose -23 = -m*i - 9. What is the units digit of i?
7
Let f(g) = 5*g**2 + 3*g. What is the units digit of f(-3)?
6
Let n(w) = 3*w + 1. Let t be n(1). Suppose 0 = s, 3*y - 2 = -3*s + t. What is the units digit of y?
2
Suppose -m = 5, 3*r + 4*m + 81 = 4*r. What is the tens digit of r?
6
Suppose n - 2*d + 0*d - 15 = 0, -4*n + 35 = -3*d. Suppose n*f - 49 = v + 28, -5*v + 35 = 3*f. What is the units digit of f?
5
Let x(b) = -16*b**2 - 36*b + 45. Let p(g) = 3*g**2 + 7*g - 9. Let k(q) = -11*p(q) - 2*x(q). Let a be k(-7). What is the units digit of 3/((-6)/a)*6?
5
Let h = -81 + 136. What is the units digit of h?
5
Let a be ((-4)/6)/((-14)/63). Suppose a = m - 6. What is the units digit of m?
9
Let w = -3 - -7. Suppose 5*y = -4*v + 32, -3*v = -y - 1 - w. Suppose -2*c - c - 8 = -q, y*c + 40 = 4*q. What is the units digit of q?
1
Let z be 3*26/3 - 1. Suppose -1 = 4*o - z. What is the units digit of o?
6
What is the units digit of 516/21 - (-9)/21?
5
Suppose -5*z + 2*a = -394 + 119, -2*z = -4*a - 110. Let i = z - 25. What is the tens digit of i?
3
Let d(n) = 6*n - 8. Let h be d(6). Let x be 4/10 + (-92)/(-20). Suppose y - x*y = -h. What is the units digit of y?
7
Let i(h) = h + 3. Let j be i(-3). Suppose -5*y + 40 = -0*y. Let u = y - j. What is the units digit of u?
8
Let h(c) = 13*c - 25. What is the hundreds digit of h(14)?
1
Suppose -33 + 5 = -2*h. Let z = 21 + h. Suppose -5 + z = 3*j. What is the tens digit of j?
1
Let k = 171 + -312. Let u = -94 - k. What is the units digit of u?
7
Suppose -2*u = 21 - 77. What is the units digit of u?
8
Suppose 5*w - 4*s = 31, 3*s - 1 = 5*w - 28. Suppose -d + 8 = -2*i, w*i - 57 = -3*d - 2*i. What is the tens digit of d?
1
What is the hundreds digit of (7665/9)/5 + 2/(-6)?
1
Let q(k) = -k**3 - 3*k**2 + 5*k + 5. Let c be q(-4). What is the units digit of 5/10 - c/(-2)?
1
Suppose -6*i + 20 = -i. Let b = i - 0. What is the units digit of b?
4
Let p be 258/21 - (-4)/(-14). Let y(o) = o**2 + 3*o - 5. Let g be y(2). Let m = p + g. What is the tens digit of m?
1
Let s(x) = -2*x + 2. Let k(o) = -4*o + 3. Let c(t) = 6*k(t) - 11*s(t). Let p be (-4 - -1)/(-2 + 3). What is the units digit of c(p)?
2
Suppose 41 = i + d, -3*i + 123 = -5*d + d. What is the units digit of i?
1
Let y = -3 + 6. Let o(w) = w**2 - 3*w + 4. Let g be o(3). Suppose y = p - g. What is the units digit of p?
7
Suppose q = -3*c - 2 - 1, 2*c - 2*q = 6. Suppose d - 44 = -2*l, c = d + 2*d + l - 107. Suppose 0 = 3*b - 2 - d. What is the units digit of b?
2
Suppose p - 4*p + 21 = 0. Let g be (p + -5)*10/4. Suppose -g*w + 12 = -4*o, 10 - 2 = 2*w. What is the units digit of o?
2
Let k = 10 + -4. What is the units digit of k?
6
Suppose -x = -3*x + 4*n + 30, -12 = 4*n. What is the tens digit of (-680)/(-18) - (-2)/x?
3
Let z = -62 - -442. What is the hundreds digit of z?
3
Suppose -o - 6 = -52. What is the units digit of o?
6
Suppose 5*l - 10 = -0. What is the units digit of (1/l)/((-5)/(-170))?
7
Let q = 14 - -16. Let w be (3 - q/9)*-39. Suppose g - 2*g - 14 = 5*s, -4*g + 3*s = -w. What is the units digit of g?
1
Suppose -4*j + 56 = 2*g, -j - 18 = 4*g - 137. What is the units digit of (-1)/(-2 + g/16)?
8
Suppose -13*m = -1450 - 877. What is the tens digit of m?
7
Suppose u - 5*h = -u + 26, 0 = -4*u + 2*h + 68. What is the tens digit of u?
1
Suppose 2*m = 1 + 3, 0 = w + 5*m + 1. Let v(n) = -2*n - 21. Let t be v(0). Let z = w - t. What is the tens digit of z?
1
Let a(r) = -r**2 - 6*r. What is the units digit of a(-5)?
5
Suppose 3*d + 7*l - 2*l = 75, 2*d = -l + 57. What is the units digit of (d/(-8))/(2/(-8))?
5
Let t be (-4)/(-6) + 2/6. What is the units digit of -4 + 6 + 4/t?
6
Suppose -4*l + 3 = -5. Suppose -l*k + 112 = 4*z + 2*k, -2*k = -10. What is the tens digit of z?
2
Let b(c) be the third derivative of 1/24*c**4 + 0 + 0*c + 2*c**2 + 3/2*c**3. What is the units digit of b(-7)?
2
Let j = 6 - 6. What is the units digit of -7*(j - 1)/1?
7
Let a = -294 - -597. What is the hundreds digit of a?
3
Let w = -2 - 4. What is the units digit of (-4 + (-21)/(-6))*w?
3
Let i be 46/14 + (-2)/7. Suppose 0 = j - 4*u - 16, 0 = -j - i*u + 4*u + 10. What is the units digit of j?
8
Let l(j) = j**3 + 12*j**2 + 10*j - 6. What is the units digit of l(-11)?
5
Let b(x) be the second derivative of -x**5/20 + x**4/3 + 3*x**2/2 + 7*x. Suppose -2*r + 4 = -4. What is the units digit of b(r)?
3
Suppose 3*m + 0*q = 2*q - 20, 0 = 5*q - 20. Let p = m + 7. Suppose -4*x + 16 = -0*z + z, 0 = -2*x - p*z - 2. What is the units digit of x?
5
Suppose -10 = 4*w + 2. Let c(b) = b**3 + 4*b**2 - 7*b - 2. Let o be c(-5). Let u = w + o. What is the units digit of u?
5
Let t(f) = f - 5. Let k be t(15). Suppose i - 25 = -k. What is the units digit of i?
5
Let h(a) = -11*a - 14. What is the tens digit of h(-9)?
8
Suppose 2*q - 18 = q. Let a = -12 + q. What is the units digit of a?
6
Let u(k) = -k**3 - 9*k**2 - 9*k. Suppose -4*p - 24 = -p. What is the units digit of u(p)?
8
Let o(m) = 4*m**2 + 6*m + 2. Let r be o(-5). Suppose -r = -4*y - 3*h - 20, -4*y - 2*h + 52 = 0. What is the units digit of y?
3
Let w(r) = 6*r**2 - 5*r + 2. Let u be w(3). Let l = u + -17. What is the tens digit of l?
2
Suppose 9*a + 287 = 1952. What is the hundreds digit of a?
1
Let h be 30/12*(6 - 0). Let i = h + -7. What is the units digit of 0 + i*(-2)/(-4)?
4
Suppose -2*d + 12 = d. Suppose 0 = -d*g + 6*g - 6. What is the units digit of g?
3
Suppose 40 = 6*p - p. Suppose 2*z + 2*z = p. What is the units digit of z + (-7)/(14/(-20))?
2
Let m(x) = -x**3 + 11*x**2 - 3*x - 12. What is the units digit of m(8)?
6
Suppose 2*o - 15 - 19 = 0. What is the units digit of o?
7
Let r(g) = -g**3 + 3*g**2 + g. Let y = -1 + 4. Let z be r(y). Suppose 3*x = z*v + 24, 0 = -3*x + 2*v - 0*v + 23. What is the units digit of x?
7
Let v be (-1)/(-1*1/3). Let d = 8 + v. What is the tens digit of d?
1
Suppose -59 = 3*s - 4*s. Suppose -s = -4*d + 533. What is the units digit of d/18 + 8/(-36)?
8
Let o(q) be the second derivative of -q**4/12 - q**3 - 3*q**2 - 2*q. Let w be o(-4). Suppose 4*c - 26 = -3*t, 0 + 9 = c + w*t. What is the units digit of c?
5
Let h = 248 - 141. What is the hundreds digit of h?
1
Let a = 448 + -259. What is the units digit of a?
9
Let n be (-6)/(-21) - 9/7. Let i be 3*((n - 0) + 2). Suppose -3 = -0*d - i*d. What is the units digit of d?
1
Let q = 14 + 38. What is the units digit of q?
2
Let h = 0 - 0. Let s be (1 + 0 - h)*-1. Let x = 